{"id":201,"date":"2020-10-14T10:13:15","date_gmt":"2020-10-14T10:13:15","guid":{"rendered":"https:\/\/qi24.qodeinteractive.com\/?page_id=201"},"modified":"2024-12-16T14:42:39","modified_gmt":"2024-12-16T14:42:39","slug":"about","status":"publish","type":"page","link":"https:\/\/psicoanalisisdialogico.cl\/index.php\/about\/","title":{"rendered":"About"},"content":{"rendered":"\t\t<div data-elementor-type=\"wp-page\" data-elementor-id=\"201\" class=\"elementor elementor-201\">\n\t\t\t\t\t\t<section class=\"elementor-section elementor-top-section elementor-element elementor-element-fbc5895 elementor-section-full_width qodef-elementor-content-grid elementor-section-height-default elementor-section-height-default\" data-id=\"fbc5895\" data-element_type=\"section\" data-settings=\"{&quot;background_background&quot;:&quot;classic&quot;}\">\n\t\t\t\t\t\t<div class=\"elementor-container elementor-column-gap-default\">\n\t\t\t\t\t<div class=\"elementor-column elementor-col-100 elementor-top-column elementor-element elementor-element-a4bfadb\" data-id=\"a4bfadb\" data-element_type=\"column\">\n\t\t\t<div class=\"elementor-widget-wrap elementor-element-populated\">\n\t\t\t\t\t\t<div class=\"elementor-element elementor-element-43fa1ed elementor-widget elementor-widget-qi_addons_for_elementor_typeout_text\" data-id=\"43fa1ed\" data-element_type=\"widget\" data-widget_type=\"qi_addons_for_elementor_typeout_text.default\">\n\t\t\t\t<div class=\"elementor-widget-container\">\n\t\t\t<div class=\"qodef-shortcode qodef-m  qodef-qi-typeout-text\" data-strings=\"[&quot;&quot;]\" data-cursor=\"_\">\n\t<p class=\"qodef-m-text\">\n\t\t\t\t\tManifiesto por un psicoan\u00e1lisis dial\u00f3gico\t\t\t\t<span class=\"qodef-typeout-holder\">\n\t\t\t<span class=\"qodef-typeout\"><\/span>\n\t\t<\/span>\n\t<\/p>\n<\/div>\n\t\t<\/div>\n\t\t\t\t<\/div>\n\t\t\t\t<div class=\"elementor-element elementor-element-bd83a32 elementor-widget__width-initial elementor-widget elementor-widget-text-editor\" data-id=\"bd83a32\" data-element_type=\"widget\" data-widget_type=\"text-editor.default\">\n\t\t\t\t<div class=\"elementor-widget-container\">\n\t\t\t\t\t\t\t<h4><em>&nbsp;<\/em><\/h4>\n<h4><em>Psicoan\u00e1lisis dial\u00f3gico<\/em> es el deseo por hacer crecer la potencia del psicoan\u00e1lisis con las herramientas del arte y del dialogismo. Es un lugar que busca la grupalidad, el trabajo colaborativo, la transdisciplina del oficio cl\u00ednico y anal\u00edtico, generando nuevas alianzas te\u00f3ricas, metodol\u00f3gicas y pr\u00e1cticas.<\/h4>\n<h4>&nbsp;<\/h4>\n<h4>Para ello planteamos, siguiendo la corriente del dialogismo y los diversos aportes del arte, que no existe separaci\u00f3n tal entre el lenguaje y las cosas. Decimos que en los objetos y los sujetos habitan las palabras, los tonos, la historia, los afectos, la pol\u00edtica, los conflictos, el deseo, las formas y el silencio. El lenguaje es la subjetividad y el cuerpo de una \u00e9poca, el baile y la m\u00fasica, el movimiento triste y nost\u00e1lgico, la felicidad agujereada por la vida.<\/h4>\n<h4>&nbsp;<\/h4>\n<h4>Pensemos un momento, por ejemplo, en un piano. El que sea que imaginemos. Pensemos ese piano como aquel instrumento musical que est\u00e1 atravesado por la historia, la belleza y el pensamiento de una \u00e9poca, y que se transmite a trav\u00e9s de la t\u00e9cnica, viajando por medio del lenguaje sonoro. Ese piano que imaginamos y evocamos aqu\u00ed, permite vivir la historia, elaborar y transformar afectos y conflictos, como cuando hacemos hablar a un paciente cuando llega a nuestra consulta. Necesitamos escuchar atentamente sus agudos, medios, graves, disonancias, armon\u00edas, acordes, melod\u00edas, silencios, ritmos. El lenguaje tambi\u00e9n son aquellas melod\u00edas que no alcanzaron a ser dichas o escuchadas. Aquellas que se imaginaron y quedaron a medio camino como fantas\u00eda. El lenguaje, por tanto, no son solo las palabras, tal como pudiesen imaginar ya a esta altura, sino m\u00e1s bien el material concreto que sostiene nuestra existencia, la de las culturas, las sociedades, objetos, silencios, recuerdos, sue\u00f1os, terrazas, jardines, deseos, m\u00fasica, entre tantas cosas. El lenguaje est\u00e1 vivo en las paredes de la consulta, en los divanes de cada analista, en los colores y las texturas de nuestra ropa, en la tonalidad de nuestras voces, en el movimiento de los cuerpos, en el cansancio y en la risa, en la arquitectura de cada ciudad que habitamos.<\/h4>\n<div>&nbsp;<\/div>\n<h4><em>Psicoan\u00e1lisis dial\u00f3gico<\/em> es el deseo de crear algo nuevo, all\u00ed donde vemos que el psicoan\u00e1lisis necesita transformarse, decirse de otro modo, actuar de manera revolucionaria, una re-vuelta a los fundamentos para encontrar otras posibles entradas y salidas. A partir de estas ideas que con el tiempo fueron tomando fuerza y forma, en el inagotable di\u00e1logo, hemos decidido dar vida a esta plataforma que, con el paso del tiempo y con el trabajo de los a\u00f1os, esperamos que encuentre respuestas y resonancias diversas.<\/h4><h4><em><br><\/em><\/h4><h4><em>Psicoan\u00e1lisis dial\u00f3gico<\/em> funcionar\u00e1 como un espacio cl\u00ednico de atenci\u00f3n, supervisi\u00f3n, como un grupo de estudio sobre arte, psicoan\u00e1lisis y dialogismo, con el deseo de crear una comunidad interesada en (re)descubrir la potencia del psicoan\u00e1lisis a trav\u00e9s de un inter\u00e9s y esp\u00edritu cr\u00edtico, por medio del debate, la colaboraci\u00f3n y el di\u00e1logo.<\/h4>\t\t\t\t\t\t<\/div>\n\t\t\t\t<\/div>\n\t\t\t\t\t<\/div>\n\t\t<\/div>\n\t\t\t\t\t<\/div>\n\t\t<\/section>\n\t\t\t\t<section class=\"elementor-section elementor-top-section elementor-element elementor-element-57abae7 elementor-section-full_width qodef-elementor-content-grid elementor-section-height-default elementor-section-height-default\" data-id=\"57abae7\" data-element_type=\"section\" data-settings=\"{&quot;background_background&quot;:&quot;classic&quot;}\">\n\t\t\t\t\t\t<div class=\"elementor-container elementor-column-gap-default\">\n\t\t\t\t\t<div class=\"elementor-column elementor-col-100 elementor-top-column elementor-element elementor-element-ddfa7ae\" data-id=\"ddfa7ae\" data-element_type=\"column\">\n\t\t\t<div class=\"elementor-widget-wrap elementor-element-populated\">\n\t\t\t\t\t\t<section class=\"elementor-section elementor-inner-section elementor-element elementor-element-e68b2c6 elementor-section-full_width elementor-section-height-default elementor-section-height-default qodef-elementor-content-no\" data-id=\"e68b2c6\" data-element_type=\"section\">\n\t\t\t\t\t\t<div class=\"elementor-container elementor-column-gap-default\">\n\t\t\t\t\t<div class=\"elementor-column elementor-col-100 elementor-inner-column elementor-element elementor-element-ef8ec4e\" data-id=\"ef8ec4e\" data-element_type=\"column\">\n\t\t\t<div class=\"elementor-widget-wrap elementor-element-populated\">\n\t\t\t\t\t\t<div class=\"elementor-element elementor-element-abec473 elementor-widget__width-initial elementor-widget elementor-widget-text-editor\" data-id=\"abec473\" data-element_type=\"widget\" data-widget_type=\"text-editor.default\">\n\t\t\t\t<div class=\"elementor-widget-container\">\n\t\t\t\t\t\t\t<h2>\u00abCuando cotidianamente recordamos, es en general el otro quien est\u00e1 activo, y es en sus tonos val\u00f3ricos que recordamos\u00bb.<\/h2><p style=\"text-align: right;\"><span style=\"color: #000000;\">(Bakhtin, 1990, pp.152-153)<\/span><\/p>\t\t\t\t\t\t<\/div>\n\t\t\t\t<\/div>\n\t\t\t\t<div class=\"elementor-element elementor-element-0bb515a elementor-widget elementor-widget-text-editor\" data-id=\"0bb515a\" data-element_type=\"widget\" data-widget_type=\"text-editor.default\">\n\t\t\t\t<div class=\"elementor-widget-container\">\n\t\t\t\t\t\t\t<h4><a href=\"mailto:psicoanalisisdialogico@gmail.com\" target=\"_blank\" rel=\"noopener\">psicoanalisisdialogico@gmail.<wbr \/>com<\/a>\u00a0<\/h4>\t\t\t\t\t\t<\/div>\n\t\t\t\t<\/div>\n\t\t\t\t<div class=\"elementor-element elementor-element-fc48ca5 elementor-shape-circle e-grid-align-left elementor-grid-0 elementor-widget elementor-widget-social-icons\" data-id=\"fc48ca5\" data-element_type=\"widget\" data-widget_type=\"social-icons.default\">\n\t\t\t\t<div class=\"elementor-widget-container\">\n\t\t\t\t\t<div class=\"elementor-social-icons-wrapper elementor-grid\">\n\t\t\t\t\t\t\t<span class=\"elementor-grid-item\">\n\t\t\t\t\t<a class=\"elementor-icon elementor-social-icon elementor-social-icon-instagram elementor-repeater-item-fec3471\" href=\"https:\/\/www.instagram.com\/psicoanalisisdialogico\" target=\"_blank\">\n\t\t\t\t\t\t<span class=\"elementor-screen-only\">Instagram<\/span>\n\t\t\t\t\t\t<svg class=\"e-font-icon-svg e-fab-instagram\" viewBox=\"0 0 448 512\" xmlns=\"http:\/\/www.w3.org\/2000\/svg\"><path d=\"M224.1 141c-63.6 0-114.9 51.3-114.9 114.9s51.3 114.9 114.9 114.9S339 319.5 339 255.9 287.7 141 224.1 141zm0 189.6c-41.1 0-74.7-33.5-74.7-74.7s33.5-74.7 74.7-74.7 74.7 33.5 74.7 74.7-33.6 74.7-74.7 74.7zm146.4-194.3c0 14.9-12 26.8-26.8 26.8-14.9 0-26.8-12-26.8-26.8s12-26.8 26.8-26.8 26.8 12 26.8 26.8zm76.1 27.2c-1.7-35.9-9.9-67.7-36.2-93.9-26.2-26.2-58-34.4-93.9-36.2-37-2.1-147.9-2.1-184.9 0-35.8 1.7-67.6 9.9-93.9 36.1s-34.4 58-36.2 93.9c-2.1 37-2.1 147.9 0 184.9 1.7 35.9 9.9 67.7 36.2 93.9s58 34.4 93.9 36.2c37 2.1 147.9 2.1 184.9 0 35.9-1.7 67.7-9.9 93.9-36.2 26.2-26.2 34.4-58 36.2-93.9 2.1-37 2.1-147.8 0-184.8zM398.8 388c-7.8 19.6-22.9 34.7-42.6 42.6-29.5 11.7-99.5 9-132.1 9s-102.7 2.6-132.1-9c-19.6-7.8-34.7-22.9-42.6-42.6-11.7-29.5-9-99.5-9-132.1s-2.6-102.7 9-132.1c7.8-19.6 22.9-34.7 42.6-42.6 29.5-11.7 99.5-9 132.1-9s102.7-2.6 132.1 9c19.6 7.8 34.7 22.9 42.6 42.6 11.7 29.5 9 99.5 9 132.1s2.7 102.7-9 132.1z\"><\/path><\/svg>\t\t\t\t\t<\/a>\n\t\t\t\t<\/span>\n\t\t\t\t\t<\/div>\n\t\t\t\t<\/div>\n\t\t\t\t<\/div>\n\t\t\t\t\t<\/div>\n\t\t<\/div>\n\t\t\t\t\t<\/div>\n\t\t<\/section>\n\t\t\t\t\t<\/div>\n\t\t<\/div>\n\t\t\t\t\t<\/div>\n\t\t<\/section>\n\t\t\t\t<\/div>\n\t\t","protected":false},"excerpt":{"rendered":"<p>Manifiesto por un psicoan\u00e1lisis dial\u00f3gico &nbsp; Psicoan\u00e1lisis dial\u00f3gico es el deseo por hacer crecer la potencia del psicoan\u00e1lisis con las herramientas del arte y del dialogismo. Es un lugar que busca la grupalidad, el trabajo colaborativo, la transdisciplina del oficio cl\u00ednico y anal\u00edtico, generando nuevas alianzas te\u00f3ricas, metodol\u00f3gicas y pr\u00e1cticas. &nbsp; Para ello planteamos, siguiendo [&hellip;]<\/p>\n","protected":false},"author":1,"featured_media":0,"parent":0,"menu_order":0,"comment_status":"closed","ping_status":"closed","template":"qi-full-width.php","meta":{"content-type":"","footnotes":""},"class_list":["post-201","page","type-page","status-publish","hentry"],"yoast_head":"<!-- This site is optimized with the Yoast SEO plugin v24.0 - https:\/\/yoast.com\/wordpress\/plugins\/seo\/ -->\n<title>About - Psicoanalisis Dialogico<\/title>\n<meta name=\"robots\" content=\"index, follow, max-snippet:-1, max-image-preview:large, max-video-preview:-1\" \/>\n<link rel=\"canonical\" href=\"https:\/\/psicoanalisisdialogico.cl\/index.php\/about\/\" \/>\n<meta property=\"og:locale\" content=\"es_ES\" \/>\n<meta property=\"og:type\" content=\"article\" \/>\n<meta property=\"og:title\" content=\"About - Psicoanalisis Dialogico\" \/>\n<meta property=\"og:description\" content=\"Manifiesto por un psicoan\u00e1lisis dial\u00f3gico &nbsp; Psicoan\u00e1lisis dial\u00f3gico es el deseo por hacer crecer la potencia del psicoan\u00e1lisis con las herramientas del arte y del dialogismo. Es un lugar que busca la grupalidad, el trabajo colaborativo, la transdisciplina del oficio cl\u00ednico y anal\u00edtico, generando nuevas alianzas te\u00f3ricas, metodol\u00f3gicas y pr\u00e1cticas. &nbsp; Para ello planteamos, siguiendo [&hellip;]\" \/>\n<meta property=\"og:url\" content=\"https:\/\/psicoanalisisdialogico.cl\/index.php\/about\/\" \/>\n<meta property=\"og:site_name\" content=\"Psicoanalisis Dialogico\" \/>\n<meta property=\"article:modified_time\" content=\"2024-12-16T14:42:39+00:00\" \/>\n<meta name=\"twitter:card\" content=\"summary_large_image\" \/>\n<meta name=\"twitter:label1\" content=\"Tiempo de lectura\" \/>\n\t<meta name=\"twitter:data1\" content=\"3 minutos\" \/>\n<script type=\"application\/ld+json\" class=\"yoast-schema-graph\">{\"@context\":\"https:\/\/schema.org\",\"@graph\":[{\"@type\":\"WebPage\",\"@id\":\"https:\/\/psicoanalisisdialogico.cl\/index.php\/about\/\",\"url\":\"https:\/\/psicoanalisisdialogico.cl\/index.php\/about\/\",\"name\":\"About - Psicoanalisis Dialogico\",\"isPartOf\":{\"@id\":\"https:\/\/psicoanalisisdialogico.cl\/#website\"},\"datePublished\":\"2020-10-14T10:13:15+00:00\",\"dateModified\":\"2024-12-16T14:42:39+00:00\",\"breadcrumb\":{\"@id\":\"https:\/\/psicoanalisisdialogico.cl\/index.php\/about\/#breadcrumb\"},\"inLanguage\":\"es\",\"potentialAction\":[{\"@type\":\"ReadAction\",\"target\":[\"https:\/\/psicoanalisisdialogico.cl\/index.php\/about\/\"]}]},{\"@type\":\"BreadcrumbList\",\"@id\":\"https:\/\/psicoanalisisdialogico.cl\/index.php\/about\/#breadcrumb\",\"itemListElement\":[{\"@type\":\"ListItem\",\"position\":1,\"name\":\"Portada\",\"item\":\"https:\/\/psicoanalisisdialogico.cl\/\"},{\"@type\":\"ListItem\",\"position\":2,\"name\":\"About\"}]},{\"@type\":\"WebSite\",\"@id\":\"https:\/\/psicoanalisisdialogico.cl\/#website\",\"url\":\"https:\/\/psicoanalisisdialogico.cl\/\",\"name\":\"Psicoanalisis Dialogico\",\"description\":\"espacio cl\u00ednico de atenci\u00f3n, supervisi\u00f3n, como un grupo de estudio sobre arte, psicoan\u00e1lisis y dialogismo\",\"publisher\":{\"@id\":\"https:\/\/psicoanalisisdialogico.cl\/#organization\"},\"potentialAction\":[{\"@type\":\"SearchAction\",\"target\":{\"@type\":\"EntryPoint\",\"urlTemplate\":\"https:\/\/psicoanalisisdialogico.cl\/?s={search_term_string}\"},\"query-input\":{\"@type\":\"PropertyValueSpecification\",\"valueRequired\":true,\"valueName\":\"search_term_string\"}}],\"inLanguage\":\"es\"},{\"@type\":\"Organization\",\"@id\":\"https:\/\/psicoanalisisdialogico.cl\/#organization\",\"name\":\"Psicoanalisis Dialogico\",\"url\":\"https:\/\/psicoanalisisdialogico.cl\/\",\"logo\":{\"@type\":\"ImageObject\",\"inLanguage\":\"es\",\"@id\":\"https:\/\/psicoanalisisdialogico.cl\/#\/schema\/logo\/image\/\",\"url\":\"https:\/\/psicoanalisisdialogico.cl\/wp-content\/uploads\/2024\/12\/5.png\",\"contentUrl\":\"https:\/\/psicoanalisisdialogico.cl\/wp-content\/uploads\/2024\/12\/5.png\",\"width\":500,\"height\":500,\"caption\":\"Psicoanalisis Dialogico\"},\"image\":{\"@id\":\"https:\/\/psicoanalisisdialogico.cl\/#\/schema\/logo\/image\/\"}}]}<\/script>\n<!-- \/ Yoast SEO plugin. -->","yoast_head_json":{"title":"About - Psicoanalisis Dialogico","robots":{"index":"index","follow":"follow","max-snippet":"max-snippet:-1","max-image-preview":"max-image-preview:large","max-video-preview":"max-video-preview:-1"},"canonical":"https:\/\/psicoanalisisdialogico.cl\/index.php\/about\/","og_locale":"es_ES","og_type":"article","og_title":"About - Psicoanalisis Dialogico","og_description":"Manifiesto por un psicoan\u00e1lisis dial\u00f3gico &nbsp; Psicoan\u00e1lisis dial\u00f3gico es el deseo por hacer crecer la potencia del psicoan\u00e1lisis con las herramientas del arte y del dialogismo. Es un lugar que busca la grupalidad, el trabajo colaborativo, la transdisciplina del oficio cl\u00ednico y anal\u00edtico, generando nuevas alianzas te\u00f3ricas, metodol\u00f3gicas y pr\u00e1cticas. &nbsp; Para ello planteamos, siguiendo [&hellip;]","og_url":"https:\/\/psicoanalisisdialogico.cl\/index.php\/about\/","og_site_name":"Psicoanalisis Dialogico","article_modified_time":"2024-12-16T14:42:39+00:00","twitter_card":"summary_large_image","twitter_misc":{"Tiempo de lectura":"3 minutos"},"schema":{"@context":"https:\/\/schema.org","@graph":[{"@type":"WebPage","@id":"https:\/\/psicoanalisisdialogico.cl\/index.php\/about\/","url":"https:\/\/psicoanalisisdialogico.cl\/index.php\/about\/","name":"About - Psicoanalisis Dialogico","isPartOf":{"@id":"https:\/\/psicoanalisisdialogico.cl\/#website"},"datePublished":"2020-10-14T10:13:15+00:00","dateModified":"2024-12-16T14:42:39+00:00","breadcrumb":{"@id":"https:\/\/psicoanalisisdialogico.cl\/index.php\/about\/#breadcrumb"},"inLanguage":"es","potentialAction":[{"@type":"ReadAction","target":["https:\/\/psicoanalisisdialogico.cl\/index.php\/about\/"]}]},{"@type":"BreadcrumbList","@id":"https:\/\/psicoanalisisdialogico.cl\/index.php\/about\/#breadcrumb","itemListElement":[{"@type":"ListItem","position":1,"name":"Portada","item":"https:\/\/psicoanalisisdialogico.cl\/"},{"@type":"ListItem","position":2,"name":"About"}]},{"@type":"WebSite","@id":"https:\/\/psicoanalisisdialogico.cl\/#website","url":"https:\/\/psicoanalisisdialogico.cl\/","name":"Psicoanalisis Dialogico","description":"espacio cl\u00ednico de atenci\u00f3n, supervisi\u00f3n, como un grupo de estudio sobre arte, psicoan\u00e1lisis y dialogismo","publisher":{"@id":"https:\/\/psicoanalisisdialogico.cl\/#organization"},"potentialAction":[{"@type":"SearchAction","target":{"@type":"EntryPoint","urlTemplate":"https:\/\/psicoanalisisdialogico.cl\/?s={search_term_string}"},"query-input":{"@type":"PropertyValueSpecification","valueRequired":true,"valueName":"search_term_string"}}],"inLanguage":"es"},{"@type":"Organization","@id":"https:\/\/psicoanalisisdialogico.cl\/#organization","name":"Psicoanalisis Dialogico","url":"https:\/\/psicoanalisisdialogico.cl\/","logo":{"@type":"ImageObject","inLanguage":"es","@id":"https:\/\/psicoanalisisdialogico.cl\/#\/schema\/logo\/image\/","url":"https:\/\/psicoanalisisdialogico.cl\/wp-content\/uploads\/2024\/12\/5.png","contentUrl":"https:\/\/psicoanalisisdialogico.cl\/wp-content\/uploads\/2024\/12\/5.png","width":500,"height":500,"caption":"Psicoanalisis Dialogico"},"image":{"@id":"https:\/\/psicoanalisisdialogico.cl\/#\/schema\/logo\/image\/"}}]}},"_links":{"self":[{"href":"https:\/\/psicoanalisisdialogico.cl\/index.php\/wp-json\/wp\/v2\/pages\/201","targetHints":{"allow":["GET"]}}],"collection":[{"href":"https:\/\/psicoanalisisdialogico.cl\/index.php\/wp-json\/wp\/v2\/pages"}],"about":[{"href":"https:\/\/psicoanalisisdialogico.cl\/index.php\/wp-json\/wp\/v2\/types\/page"}],"author":[{"embeddable":true,"href":"https:\/\/psicoanalisisdialogico.cl\/index.php\/wp-json\/wp\/v2\/users\/1"}],"replies":[{"embeddable":true,"href":"https:\/\/psicoanalisisdialogico.cl\/index.php\/wp-json\/wp\/v2\/comments?post=201"}],"version-history":[{"count":18,"href":"https:\/\/psicoanalisisdialogico.cl\/index.php\/wp-json\/wp\/v2\/pages\/201\/revisions"}],"predecessor-version":[{"id":884,"href":"https:\/\/psicoanalisisdialogico.cl\/index.php\/wp-json\/wp\/v2\/pages\/201\/revisions\/884"}],"wp:attachment":[{"href":"https:\/\/psicoanalisisdialogico.cl\/index.php\/wp-json\/wp\/v2\/media?parent=201"}],"curies":[{"name":"wp","href":"https:\/\/api.w.org\/{rel}","templated":true}]}}